{"id":396,"date":"2014-11-24T13:31:53","date_gmt":"2014-11-24T12:31:53","guid":{"rendered":"http:\/\/fundacja.tylda.pl\/?page_id=396"},"modified":"2017-11-28T14:16:28","modified_gmt":"2017-11-28T13:16:28","slug":"pliki-pobrania-23","status":"publish","type":"page","link":"http:\/\/fundacja50plus.pl\/?page_id=396","title":{"rendered":"pliki do pobrania \u2013 23"},"content":{"rendered":"<div class=\"tlo_div\">\n<div style=\"margin-left: 35px;\"><span style=\"color: #faee85;\"><strong>Do pobrania<\/strong><\/span><\/div>\n<div style=\"margin-left: 35px;\">\n<p><span style=\"color: #faee85;\">1. Zak\u0142adanie dzia\u0142alno\u015bci<\/span><br \/>\n<a href=\"http:\/\/fundacja50plus.pl\/wp-content\/uploads\/2014\/12\/0b52eb847004b023f0ec23ed13c5caa6.pdf\">&#8211; CEDIG \u2013 zak\u0142adanie firmy<\/a><br \/>\n<a title=\"G\u0142\u00f3wny urz\u0105d statystyczny\" href=\"http:\/\/fundacja50plus.pl\/wp-content\/uploads\/2014\/12\/3faa65cf0c46edcfe0bda51be58e0e1c.pdf\" target=\"_blank\" rel=\"noopener\">&#8211; G\u0142\u00f3wny Urz\u0105d Statystyczny<\/a><br \/>\n<a title=\"Urz\u0105d skarbowy\" href=\"http:\/\/fundacja50plus.pl\/wp-content\/uploads\/2014\/12\/29b648214cb0cab3de00ce1fbf1a3412.pdf\" target=\"_blank\" rel=\"noopener\">&#8211; Urz\u0105d Skarbowy<\/a><br \/>\n<a title=\"Zak\u0142ad ubezpiecze\u0144 spo\u0142ecznych\" href=\"http:\/\/fundacja50plus.pl\/wp-content\/uploads\/2014\/12\/a0849dc6e9915c450e4bef75631d35ee.pdf\" target=\"_blank\" rel=\"noopener\">&#8211; Zak\u0142ad Ubezpiecze\u0144 Spo\u0142ecznych<\/a><br \/>\n<a title=\"PIP i Sanepid\" href=\"http:\/\/fundacja50plus.pl\/wp-content\/uploads\/2014\/11\/PIP-i-Sanepid.docx\" target=\"_blank\" rel=\"noopener\">&#8211; PIP i Sanepid<\/a><br \/>\n<a title=\"Piecz\u0105tka\" href=\"http:\/\/fundacja50plus.pl\/wp-content\/uploads\/2014\/12\/da90df47b7577f5dd5ff898021ba5981.pdf\" target=\"_blank\" rel=\"noopener\">&#8211; piecz\u0105tka<\/a><br \/>\n<a title=\"Konto bankowe\" href=\"http:\/\/fundacja50plus.pl\/wp-content\/uploads\/2014\/12\/Konto-bankowe.pdf\" target=\"_blank\" rel=\"noopener\">&#8211; konto bankowe<\/a><\/p>\n<p><span style=\"color: #faee85;\">2. Formy opodatkowania<\/span><br \/>\n<a title=\"Karta podatkowa\" href=\"http:\/\/fundacja50plus.pl\/wp-content\/uploads\/2014\/12\/Karta-podatkowa.pdf\" target=\"_blank\" rel=\"noopener\">&#8211; karta podatkowa<\/a><br \/>\n<a title=\"Rycza\u0142t\" href=\"http:\/\/fundacja50plus.pl\/wp-content\/uploads\/2014\/12\/320b133df7f0acf119f532f8f8eb37a9.pdf\" target=\"_blank\" rel=\"noopener\">&#8211; rycza\u0142t<\/a><br \/>\n<a title=\"Podatek liniowy\" href=\"http:\/\/fundacja50plus.pl\/wp-content\/uploads\/2014\/12\/Podatek-liniowy.pdf\" target=\"_blank\" rel=\"noopener\">&#8211; podatek liniowy<\/a><br \/>\n<a title=\"Zasady og\u00f3lne\" href=\"http:\/\/fundacja50plus.pl\/wp-content\/uploads\/2014\/12\/Zasady-og-lne.pdf\" target=\"_blank\" rel=\"noopener\">&#8211; zasady og\u00f3lne<\/a><\/p>\n<p><span style=\"color: #faee85;\">3. Formy prawne dzia\u0142alno\u015bci gospodarczej<\/span><br \/>\n<a title=\"Indywidualna dzia\u0142alno\u015b\u0107 gospodarcza\" href=\"http:\/\/fundacja50plus.pl\/wp-content\/uploads\/2014\/12\/aa0ed1bd9925ba3c4f6c954563cdaab5.pdf\" target=\"_blank\" rel=\"noopener\">&#8211; indywidualna dzia\u0142alno\u015b\u0107 gospodarcza<\/a><br \/>\n<a title=\"Sp\u00f3\u0142ka cywilna\" href=\"http:\/\/fundacja50plus.pl\/wp-content\/uploads\/2014\/12\/8deb655933719c53a03c6bbc10b2880f.pdf\" target=\"_blank\" rel=\"noopener\">&#8211; sp\u00f3\u0142ka cywilna<\/a><br \/>\n<a title=\"Sp\u00f3\u0142ka jawna\" href=\"http:\/\/fundacja50plus.pl\/wp-content\/uploads\/2014\/12\/43c60a904f08f1e92faad587eb49c851.pdf\" target=\"_blank\" rel=\"noopener\">&#8211; sp\u00f3\u0142ka jawna<\/a><br \/>\n<a title=\"Sp\u00f3\u0142ka z.o.o\" href=\"http:\/\/fundacja50plus.pl\/wp-content\/uploads\/2014\/12\/7eb3ee41c1605378394e2d950e3bafe1.pdf\" target=\"_blank\" rel=\"noopener\">&#8211; sp\u00f3\u0142ka z o.o.<\/a><br \/>\n<a title=\"Sp\u00f3\u0142ka akcyjna\" href=\"http:\/\/fundacja50plus.pl\/wp-content\/uploads\/2014\/12\/fffc5ea2aa15e03a2b55ee9a7c40e633.pdf\" target=\"_blank\" rel=\"noopener\">&#8211; sp\u00f3\u0142ka akcyjna<\/a><br \/>\n<a title=\"Sp\u00f3\u0142ka komandytowa\" href=\"http:\/\/fundacja50plus.pl\/wp-content\/uploads\/2014\/12\/9b6bf47d748ee07bfe766826a344e5cf.pdf\" target=\"_blank\" rel=\"noopener\">&#8211; sp\u00f3\u0142ka komandytowa<\/a><br \/>\n<a title=\"Sp\u00f3\u0142ka komandytowo-akcyjna\" href=\"http:\/\/fundacja50plus.pl\/wp-content\/uploads\/2014\/12\/17d60f59a42440c5af33dfb4c5df7735.pdf\" target=\"_blank\" rel=\"noopener\">&#8211; sp\u00f3\u0142ka komandytowo-akcyjna<\/a><br \/>\n<a title=\"Sp\u00f3\u0142ka partnerska\" href=\"http:\/\/fundacja50plus.pl\/wp-content\/uploads\/2014\/12\/c33fdf02ab2457ca6be9875057a2ee2d.pdf\" target=\"_blank\" rel=\"noopener\">&#8211; sp\u00f3\u0142ka partnerska<\/a><\/p>\n<p><a title=\"Zawieszenie dzia\u0142alno\u015bci gospodarczej\" href=\"http:\/\/fundacja50plus.pl\/wp-content\/uploads\/2014\/12\/2dbbab429a9543eab73934cb99c7a802.pdf\" target=\"_blank\" rel=\"noopener\">Zawieszenie dzia\u0142alno\u015bci gospodarczej<\/a><\/p>\n<\/div>\n<\/div>\n","protected":false},"excerpt":{"rendered":"<p>Do pobrania 1. Zak\u0142adanie dzia\u0142alno\u015bci &#8211; CEDIG \u2013 zak\u0142adanie firmy &#8211; G\u0142\u00f3wny Urz\u0105d Statystyczny &#8211; Urz\u0105d Skarbowy &#8211; Zak\u0142ad Ubezpiecze\u0144 Spo\u0142ecznych &#8211; PIP i Sanepid &#8211; piecz\u0105tka &#8211; konto bankowe 2. Formy opodatkowania &#8211; karta podatkowa &#8211; rycza\u0142t &#8211; podatek liniowy &#8211; zasady og\u00f3lne 3. Formy prawne dzia\u0142alno\u015bci gospodarczej &#8211; indywidualna dzia\u0142alno\u015b\u0107 gospodarcza &#8211; sp\u00f3\u0142ka cywilna &#8211; sp\u00f3\u0142ka jawna &#8211; sp\u00f3\u0142ka z o.o. &#8211; sp\u00f3\u0142ka akcyjna &#8211; sp\u00f3\u0142ka komandytowa &#8211; sp\u00f3\u0142ka komandytowo-akcyjna &#8211; sp\u00f3\u0142ka partnerska Zawieszenie dzia\u0142alno\u015bci gospodarczej<\/p>\n","protected":false},"author":1,"featured_media":0,"parent":251,"menu_order":1,"comment_status":"closed","ping_status":"closed","template":"","meta":{"footnotes":""},"class_list":["post-396","page","type-page","status-publish","hentry"],"_links":{"self":[{"href":"http:\/\/fundacja50plus.pl\/index.php?rest_route=\/wp\/v2\/pages\/396","targetHints":{"allow":["GET"]}}],"collection":[{"href":"http:\/\/fundacja50plus.pl\/index.php?rest_route=\/wp\/v2\/pages"}],"about":[{"href":"http:\/\/fundacja50plus.pl\/index.php?rest_route=\/wp\/v2\/types\/page"}],"author":[{"embeddable":true,"href":"http:\/\/fundacja50plus.pl\/index.php?rest_route=\/wp\/v2\/users\/1"}],"replies":[{"embeddable":true,"href":"http:\/\/fundacja50plus.pl\/index.php?rest_route=%2Fwp%2Fv2%2Fcomments&post=396"}],"version-history":[{"count":6,"href":"http:\/\/fundacja50plus.pl\/index.php?rest_route=\/wp\/v2\/pages\/396\/revisions"}],"predecessor-version":[{"id":652,"href":"http:\/\/fundacja50plus.pl\/index.php?rest_route=\/wp\/v2\/pages\/396\/revisions\/652"}],"up":[{"embeddable":true,"href":"http:\/\/fundacja50plus.pl\/index.php?rest_route=\/wp\/v2\/pages\/251"}],"wp:attachment":[{"href":"http:\/\/fundacja50plus.pl\/index.php?rest_route=%2Fwp%2Fv2%2Fmedia&parent=396"}],"curies":[{"name":"wp","href":"https:\/\/api.w.org\/{rel}","templated":true}]}}